{"id":2,"date":"2013-10-01T11:44:38","date_gmt":"2013-10-01T11:44:38","guid":{"rendered":"http:\/\/www.kuehnle-ac.de\/?page_id=2"},"modified":"2020-08-13T12:45:35","modified_gmt":"2020-08-13T10:45:35","slug":"beispiel-seite","status":"publish","type":"page","link":"https:\/\/www.kuehnle-ac.de\/?page_id=2","title":{"rendered":"Wer? Was? Wie?"},"content":{"rendered":"<p>Hallo!<\/p>\n<p>Hier dreht sich alles um das Radfahren &#8211; drinnen oder drau\u00dfen, langsam oder schnell, nah oder weit.<\/p>\n<p>Immer mal wieder schildere ich hier meine pers\u00f6nlichen Erfahrungen mit Produkten, Veranstaltungen oder Trainingsmethoden. Garantiert subjektiv!<\/p>\n<p>[instagram-feed]<\/p>\n","protected":false},"excerpt":{"rendered":"<p>Hallo! Hier dreht sich alles um das Radfahren &#8211; drinnen oder drau\u00dfen, langsam oder schnell, nah oder weit. Immer mal wieder schildere ich hier meine pers\u00f6nlichen Erfahrungen mit Produkten, Veranstaltungen oder Trainingsmethoden. Garantiert subjektiv! [instagram-feed]<\/p>\n","protected":false},"author":1,"featured_media":0,"parent":0,"menu_order":10,"comment_status":"closed","ping_status":"open","template":"","meta":{"_mc_calendar":[],"footnotes":""},"class_list":["post-2","page","type-page","status-publish","hentry"],"yoast_head":"<!-- This site is optimized with the Yoast SEO plugin v26.2 - https:\/\/yoast.com\/wordpress\/plugins\/seo\/ -->\n<title>Wer? Was? Wie? - [thorsten k\u00fchnle]<\/title>\n<meta name=\"robots\" content=\"index, follow, max-snippet:-1, max-image-preview:large, max-video-preview:-1\" \/>\n<link rel=\"canonical\" href=\"https:\/\/www.kuehnle-ac.de\/?page_id=2\" \/>\n<meta property=\"og:locale\" content=\"de_DE\" \/>\n<meta property=\"og:type\" content=\"article\" \/>\n<meta property=\"og:title\" content=\"Wer? Was? Wie? - [thorsten k\u00fchnle]\" \/>\n<meta property=\"og:description\" content=\"Hallo! Hier dreht sich alles um das Radfahren &#8211; drinnen oder drau\u00dfen, langsam oder schnell, nah oder weit. Immer mal wieder schildere ich hier meine pers\u00f6nlichen Erfahrungen mit Produkten, Veranstaltungen oder Trainingsmethoden. Garantiert subjektiv! [instagram-feed]\" \/>\n<meta property=\"og:url\" content=\"https:\/\/www.kuehnle-ac.de\/?page_id=2\" \/>\n<meta property=\"og:site_name\" content=\"[thorsten k\u00fchnle]\" \/>\n<meta property=\"article:modified_time\" content=\"2020-08-13T10:45:35+00:00\" \/>\n<meta name=\"twitter:card\" content=\"summary_large_image\" \/>\n<script type=\"application\/ld+json\" class=\"yoast-schema-graph\">{\"@context\":\"https:\/\/schema.org\",\"@graph\":[{\"@type\":\"WebPage\",\"@id\":\"https:\/\/www.kuehnle-ac.de\/?page_id=2\",\"url\":\"https:\/\/www.kuehnle-ac.de\/?page_id=2\",\"name\":\"Wer? Was? Wie? - [thorsten k\u00fchnle]\",\"isPartOf\":{\"@id\":\"https:\/\/www.kuehnle-ac.de\/#website\"},\"datePublished\":\"2013-10-01T11:44:38+00:00\",\"dateModified\":\"2020-08-13T10:45:35+00:00\",\"breadcrumb\":{\"@id\":\"https:\/\/www.kuehnle-ac.de\/?page_id=2#breadcrumb\"},\"inLanguage\":\"de\",\"potentialAction\":[{\"@type\":\"ReadAction\",\"target\":[\"https:\/\/www.kuehnle-ac.de\/?page_id=2\"]}]},{\"@type\":\"BreadcrumbList\",\"@id\":\"https:\/\/www.kuehnle-ac.de\/?page_id=2#breadcrumb\",\"itemListElement\":[{\"@type\":\"ListItem\",\"position\":1,\"name\":\"Startseite\",\"item\":\"https:\/\/www.kuehnle-ac.de\/\"},{\"@type\":\"ListItem\",\"position\":2,\"name\":\"Wer? Was? Wie?\"}]},{\"@type\":\"WebSite\",\"@id\":\"https:\/\/www.kuehnle-ac.de\/#website\",\"url\":\"https:\/\/www.kuehnle-ac.de\/\",\"name\":\"[thorsten k\u00fchnle]\",\"description\":\"[if you make mistakes make them with style]\",\"potentialAction\":[{\"@type\":\"SearchAction\",\"target\":{\"@type\":\"EntryPoint\",\"urlTemplate\":\"https:\/\/www.kuehnle-ac.de\/?s={search_term_string}\"},\"query-input\":{\"@type\":\"PropertyValueSpecification\",\"valueRequired\":true,\"valueName\":\"search_term_string\"}}],\"inLanguage\":\"de\"}]}<\/script>\n<!-- \/ Yoast SEO plugin. -->","yoast_head_json":{"title":"Wer? Was? Wie? - [thorsten k\u00fchnle]","robots":{"index":"index","follow":"follow","max-snippet":"max-snippet:-1","max-image-preview":"max-image-preview:large","max-video-preview":"max-video-preview:-1"},"canonical":"https:\/\/www.kuehnle-ac.de\/?page_id=2","og_locale":"de_DE","og_type":"article","og_title":"Wer? Was? Wie? - [thorsten k\u00fchnle]","og_description":"Hallo! Hier dreht sich alles um das Radfahren &#8211; drinnen oder drau\u00dfen, langsam oder schnell, nah oder weit. Immer mal wieder schildere ich hier meine pers\u00f6nlichen Erfahrungen mit Produkten, Veranstaltungen oder Trainingsmethoden. Garantiert subjektiv! [instagram-feed]","og_url":"https:\/\/www.kuehnle-ac.de\/?page_id=2","og_site_name":"[thorsten k\u00fchnle]","article_modified_time":"2020-08-13T10:45:35+00:00","twitter_card":"summary_large_image","schema":{"@context":"https:\/\/schema.org","@graph":[{"@type":"WebPage","@id":"https:\/\/www.kuehnle-ac.de\/?page_id=2","url":"https:\/\/www.kuehnle-ac.de\/?page_id=2","name":"Wer? Was? Wie? - [thorsten k\u00fchnle]","isPartOf":{"@id":"https:\/\/www.kuehnle-ac.de\/#website"},"datePublished":"2013-10-01T11:44:38+00:00","dateModified":"2020-08-13T10:45:35+00:00","breadcrumb":{"@id":"https:\/\/www.kuehnle-ac.de\/?page_id=2#breadcrumb"},"inLanguage":"de","potentialAction":[{"@type":"ReadAction","target":["https:\/\/www.kuehnle-ac.de\/?page_id=2"]}]},{"@type":"BreadcrumbList","@id":"https:\/\/www.kuehnle-ac.de\/?page_id=2#breadcrumb","itemListElement":[{"@type":"ListItem","position":1,"name":"Startseite","item":"https:\/\/www.kuehnle-ac.de\/"},{"@type":"ListItem","position":2,"name":"Wer? Was? Wie?"}]},{"@type":"WebSite","@id":"https:\/\/www.kuehnle-ac.de\/#website","url":"https:\/\/www.kuehnle-ac.de\/","name":"[thorsten k\u00fchnle]","description":"[if you make mistakes make them with style]","potentialAction":[{"@type":"SearchAction","target":{"@type":"EntryPoint","urlTemplate":"https:\/\/www.kuehnle-ac.de\/?s={search_term_string}"},"query-input":{"@type":"PropertyValueSpecification","valueRequired":true,"valueName":"search_term_string"}}],"inLanguage":"de"}]}},"_links":{"self":[{"href":"https:\/\/www.kuehnle-ac.de\/index.php?rest_route=\/wp\/v2\/pages\/2","targetHints":{"allow":["GET"]}}],"collection":[{"href":"https:\/\/www.kuehnle-ac.de\/index.php?rest_route=\/wp\/v2\/pages"}],"about":[{"href":"https:\/\/www.kuehnle-ac.de\/index.php?rest_route=\/wp\/v2\/types\/page"}],"author":[{"embeddable":true,"href":"https:\/\/www.kuehnle-ac.de\/index.php?rest_route=\/wp\/v2\/users\/1"}],"replies":[{"embeddable":true,"href":"https:\/\/www.kuehnle-ac.de\/index.php?rest_route=%2Fwp%2Fv2%2Fcomments&post=2"}],"version-history":[{"count":12,"href":"https:\/\/www.kuehnle-ac.de\/index.php?rest_route=\/wp\/v2\/pages\/2\/revisions"}],"predecessor-version":[{"id":1241,"href":"https:\/\/www.kuehnle-ac.de\/index.php?rest_route=\/wp\/v2\/pages\/2\/revisions\/1241"}],"wp:attachment":[{"href":"https:\/\/www.kuehnle-ac.de\/index.php?rest_route=%2Fwp%2Fv2%2Fmedia&parent=2"}],"curies":[{"name":"wp","href":"https:\/\/api.w.org\/{rel}","templated":true}]}}