{"id":315,"date":"2014-10-27T10:54:55","date_gmt":"2014-10-27T08:54:55","guid":{"rendered":"http:\/\/www.kuehnle-ac.de\/?page_id=315"},"modified":"2014-12-12T17:49:13","modified_gmt":"2014-12-12T15:49:13","slug":"allgemein","status":"publish","type":"page","link":"https:\/\/www.kuehnle-ac.de\/?page_id=315","title":{"rendered":"allgemein"},"content":{"rendered":"<p><a href=\"http:\/\/www.zitronen-gelb.de\/ich-me-moi.htm\" target=\"_blank\">Peppone Geub<\/a> &#8211;\u00a0 <em>&#8222;Sein Feuerwerk an Farben und Formen verr\u00fcckt die Welt und scheint sogar Comics aus der Fl\u00e4che zu hebeln.&#8220;<\/em><\/p>\n<p><a title=\"Quijote Kaffee\" href=\"http:\/\/www.quijote-kaffee.de\/\" target=\"_blank\">Quijote Kaffee<\/a> &#8211; fair, lecker, erschwinglich, unersetzlich<\/p>\n<p><a title=\"RSC Kr\u00e4he Kornelim\u00fcnster\" href=\"http:\/\/www.rsc-kraehe.de\/\" target=\"_blank\">RSC Kr\u00e4he Kornelim\u00fcnster<\/a> &#8211; der kleinste gro\u00dfe Radsportverein im Aachener S\u00fcden, jetzt auch mit Triathlon<\/p>\n<p><a title=\"Studio Brussel\" href=\"http:\/\/www.stubru.be\" target=\"_blank\">Studio Brussel<\/a><\/p>\n","protected":false},"excerpt":{"rendered":"<p>Peppone Geub &#8211;\u00a0 &#8222;Sein Feuerwerk an Farben und Formen verr\u00fcckt die Welt und scheint sogar Comics aus der Fl\u00e4che zu hebeln.&#8220; Quijote Kaffee &#8211; fair, lecker, erschwinglich, unersetzlich RSC Kr\u00e4he Kornelim\u00fcnster &#8211; der kleinste gro\u00dfe Radsportverein im Aachener S\u00fcden, jetzt auch mit Triathlon Studio Brussel<\/p>\n","protected":false},"author":1,"featured_media":0,"parent":11,"menu_order":81,"comment_status":"closed","ping_status":"open","template":"","meta":{"_mc_calendar":[],"footnotes":""},"class_list":["post-315","page","type-page","status-publish","hentry"],"yoast_head":"<!-- This site is optimized with the Yoast SEO plugin v26.2 - https:\/\/yoast.com\/wordpress\/plugins\/seo\/ -->\n<title>allgemein - [thorsten k\u00fchnle]<\/title>\n<meta name=\"robots\" content=\"index, follow, max-snippet:-1, max-image-preview:large, max-video-preview:-1\" \/>\n<link rel=\"canonical\" href=\"https:\/\/www.kuehnle-ac.de\/?page_id=315\" \/>\n<meta property=\"og:locale\" content=\"de_DE\" \/>\n<meta property=\"og:type\" content=\"article\" \/>\n<meta property=\"og:title\" content=\"allgemein - [thorsten k\u00fchnle]\" \/>\n<meta property=\"og:description\" content=\"Peppone Geub &#8211;\u00a0 &#8222;Sein Feuerwerk an Farben und Formen verr\u00fcckt die Welt und scheint sogar Comics aus der Fl\u00e4che zu hebeln.&#8220; Quijote Kaffee &#8211; fair, lecker, erschwinglich, unersetzlich RSC Kr\u00e4he Kornelim\u00fcnster &#8211; der kleinste gro\u00dfe Radsportverein im Aachener S\u00fcden, jetzt auch mit Triathlon Studio Brussel\" \/>\n<meta property=\"og:url\" content=\"https:\/\/www.kuehnle-ac.de\/?page_id=315\" \/>\n<meta property=\"og:site_name\" content=\"[thorsten k\u00fchnle]\" \/>\n<meta property=\"article:modified_time\" content=\"2014-12-12T15:49:13+00:00\" \/>\n<meta name=\"twitter:card\" content=\"summary_large_image\" \/>\n<script type=\"application\/ld+json\" class=\"yoast-schema-graph\">{\"@context\":\"https:\/\/schema.org\",\"@graph\":[{\"@type\":\"WebPage\",\"@id\":\"https:\/\/www.kuehnle-ac.de\/?page_id=315\",\"url\":\"https:\/\/www.kuehnle-ac.de\/?page_id=315\",\"name\":\"allgemein - [thorsten k\u00fchnle]\",\"isPartOf\":{\"@id\":\"https:\/\/www.kuehnle-ac.de\/#website\"},\"datePublished\":\"2014-10-27T08:54:55+00:00\",\"dateModified\":\"2014-12-12T15:49:13+00:00\",\"breadcrumb\":{\"@id\":\"https:\/\/www.kuehnle-ac.de\/?page_id=315#breadcrumb\"},\"inLanguage\":\"de\",\"potentialAction\":[{\"@type\":\"ReadAction\",\"target\":[\"https:\/\/www.kuehnle-ac.de\/?page_id=315\"]}]},{\"@type\":\"BreadcrumbList\",\"@id\":\"https:\/\/www.kuehnle-ac.de\/?page_id=315#breadcrumb\",\"itemListElement\":[{\"@type\":\"ListItem\",\"position\":1,\"name\":\"Startseite\",\"item\":\"https:\/\/www.kuehnle-ac.de\/\"},{\"@type\":\"ListItem\",\"position\":2,\"name\":\"Links\",\"item\":\"https:\/\/www.kuehnle-ac.de\/?page_id=11\"},{\"@type\":\"ListItem\",\"position\":3,\"name\":\"allgemein\"}]},{\"@type\":\"WebSite\",\"@id\":\"https:\/\/www.kuehnle-ac.de\/#website\",\"url\":\"https:\/\/www.kuehnle-ac.de\/\",\"name\":\"[thorsten k\u00fchnle]\",\"description\":\"[if you make mistakes make them with style]\",\"potentialAction\":[{\"@type\":\"SearchAction\",\"target\":{\"@type\":\"EntryPoint\",\"urlTemplate\":\"https:\/\/www.kuehnle-ac.de\/?s={search_term_string}\"},\"query-input\":{\"@type\":\"PropertyValueSpecification\",\"valueRequired\":true,\"valueName\":\"search_term_string\"}}],\"inLanguage\":\"de\"}]}<\/script>\n<!-- \/ Yoast SEO plugin. -->","yoast_head_json":{"title":"allgemein - [thorsten k\u00fchnle]","robots":{"index":"index","follow":"follow","max-snippet":"max-snippet:-1","max-image-preview":"max-image-preview:large","max-video-preview":"max-video-preview:-1"},"canonical":"https:\/\/www.kuehnle-ac.de\/?page_id=315","og_locale":"de_DE","og_type":"article","og_title":"allgemein - [thorsten k\u00fchnle]","og_description":"Peppone Geub &#8211;\u00a0 &#8222;Sein Feuerwerk an Farben und Formen verr\u00fcckt die Welt und scheint sogar Comics aus der Fl\u00e4che zu hebeln.&#8220; Quijote Kaffee &#8211; fair, lecker, erschwinglich, unersetzlich RSC Kr\u00e4he Kornelim\u00fcnster &#8211; der kleinste gro\u00dfe Radsportverein im Aachener S\u00fcden, jetzt auch mit Triathlon Studio Brussel","og_url":"https:\/\/www.kuehnle-ac.de\/?page_id=315","og_site_name":"[thorsten k\u00fchnle]","article_modified_time":"2014-12-12T15:49:13+00:00","twitter_card":"summary_large_image","schema":{"@context":"https:\/\/schema.org","@graph":[{"@type":"WebPage","@id":"https:\/\/www.kuehnle-ac.de\/?page_id=315","url":"https:\/\/www.kuehnle-ac.de\/?page_id=315","name":"allgemein - [thorsten k\u00fchnle]","isPartOf":{"@id":"https:\/\/www.kuehnle-ac.de\/#website"},"datePublished":"2014-10-27T08:54:55+00:00","dateModified":"2014-12-12T15:49:13+00:00","breadcrumb":{"@id":"https:\/\/www.kuehnle-ac.de\/?page_id=315#breadcrumb"},"inLanguage":"de","potentialAction":[{"@type":"ReadAction","target":["https:\/\/www.kuehnle-ac.de\/?page_id=315"]}]},{"@type":"BreadcrumbList","@id":"https:\/\/www.kuehnle-ac.de\/?page_id=315#breadcrumb","itemListElement":[{"@type":"ListItem","position":1,"name":"Startseite","item":"https:\/\/www.kuehnle-ac.de\/"},{"@type":"ListItem","position":2,"name":"Links","item":"https:\/\/www.kuehnle-ac.de\/?page_id=11"},{"@type":"ListItem","position":3,"name":"allgemein"}]},{"@type":"WebSite","@id":"https:\/\/www.kuehnle-ac.de\/#website","url":"https:\/\/www.kuehnle-ac.de\/","name":"[thorsten k\u00fchnle]","description":"[if you make mistakes make them with style]","potentialAction":[{"@type":"SearchAction","target":{"@type":"EntryPoint","urlTemplate":"https:\/\/www.kuehnle-ac.de\/?s={search_term_string}"},"query-input":{"@type":"PropertyValueSpecification","valueRequired":true,"valueName":"search_term_string"}}],"inLanguage":"de"}]}},"_links":{"self":[{"href":"https:\/\/www.kuehnle-ac.de\/index.php?rest_route=\/wp\/v2\/pages\/315","targetHints":{"allow":["GET"]}}],"collection":[{"href":"https:\/\/www.kuehnle-ac.de\/index.php?rest_route=\/wp\/v2\/pages"}],"about":[{"href":"https:\/\/www.kuehnle-ac.de\/index.php?rest_route=\/wp\/v2\/types\/page"}],"author":[{"embeddable":true,"href":"https:\/\/www.kuehnle-ac.de\/index.php?rest_route=\/wp\/v2\/users\/1"}],"replies":[{"embeddable":true,"href":"https:\/\/www.kuehnle-ac.de\/index.php?rest_route=%2Fwp%2Fv2%2Fcomments&post=315"}],"version-history":[{"count":4,"href":"https:\/\/www.kuehnle-ac.de\/index.php?rest_route=\/wp\/v2\/pages\/315\/revisions"}],"predecessor-version":[{"id":326,"href":"https:\/\/www.kuehnle-ac.de\/index.php?rest_route=\/wp\/v2\/pages\/315\/revisions\/326"}],"up":[{"embeddable":true,"href":"https:\/\/www.kuehnle-ac.de\/index.php?rest_route=\/wp\/v2\/pages\/11"}],"wp:attachment":[{"href":"https:\/\/www.kuehnle-ac.de\/index.php?rest_route=%2Fwp%2Fv2%2Fmedia&parent=315"}],"curies":[{"name":"wp","href":"https:\/\/api.w.org\/{rel}","templated":true}]}}